{"id":1590,"date":"2023-11-01T12:21:18","date_gmt":"2023-11-01T11:21:18","guid":{"rendered":"https:\/\/solang-der-herrgott-will.it\/?post_type=product&#038;p=1590"},"modified":"2023-12-27T21:56:14","modified_gmt":"2023-12-27T21:56:14","slug":"sull-orlo-del-precipizio","status":"publish","type":"product","link":"https:\/\/geosfilm.com\/it\/produkt\/sull-orlo-del-precipizio\/","title":{"rendered":"Sull\u00b4orlo del precipizio"},"content":{"rendered":"<p>Un Film di Hubert Sch\u00f6negger<\/p>\n<p> Il presente non conosce un futuro. La quotidianit\u00e0 \u00e8 contemporaneamente presente e futuro. Hubert Sch\u00f6negger ha seguito nel corso dell\u00b4anno le tracce di due contadini di montagna: dei fratelli Gottfried e Hans Wieser dell\u00b4omonimo maso Wieser nella valle San Silvestro, situato su in alto, dove l\u00b4aquila compie il suo volo e l\u00b4alito gracile del vento si trasforma in violenta bufera. Hans \u00e8 diventato vecchio, ammalato e pieno di rughe. Ma ogni ruga ha la propria storia, che racconta di tempi passati, quando non si sapeva ancora cos\u00b4\u00e8 la frenesia e la parola stress non era inserita nei dizionari ortografici. E Friedl, come viene chiamato Gottfried, \u00e8 il pi\u00f9 giovane dei due, ma anche il pi\u00f9 robusto e sano. Infatti \u00e8 lui che porta panni pesanti pieni di erba secca nel fienile, bada alle bestie nella stalla e fa da mangiare per cena.<\/p>\n<p>Durata ca.29min.<\/p>\n","protected":false},"excerpt":{"rendered":"<p>Un Film di Hubert Sch\u00f6negger Il presente non conosce un futuro. La quotidianit\u00e0 \u00e8 contemporaneamente presente e futuro. Hubert Sch\u00f6negger ha seguito nel corso dell\u00b4anno le tracce di due contadini di montagna: dei fratelli Gottfried e Hans Wieser dell\u00b4omonimo maso Wieser nella valle San Silvestro, situato su in alto, dove l\u00b4aquila compie il suo volo&hellip;&nbsp;<a href=\"https:\/\/geosfilm.com\/it\/produkt\/sull-orlo-del-precipizio\/\" rel=\"bookmark\">Leggi tutto &raquo;<span class=\"screen-reader-text\">Sull\u00b4orlo del precipizio<\/span><\/a><\/p>\n","protected":false},"featured_media":1592,"template":"","meta":{"prwc_products":"","prwc_not_all_products_required":false,"prwc_not_bought_page":"","prwc_redirect_not_bought":false,"prwc_not_logged_in_page":"","prwc_redirect_not_logged_in":false,"prwc_timeout_days":0,"prwc_timeout_hours":0,"prwc_timeout_minutes":0,"prwc_timeout_seconds":0,"prwc_timeout_views":0,"neve_meta_sidebar":"","neve_meta_container":"","neve_meta_enable_content_width":"","neve_meta_content_width":0,"neve_meta_title_alignment":"","neve_meta_author_avatar":"","neve_post_elements_order":"","neve_meta_disable_header":"","neve_meta_disable_footer":"","neve_meta_disable_title":"","_themeisle_gutenberg_block_has_review":false},"product_brand":[],"product_cat":[302],"product_tag":[],"class_list":{"0":"post-1590","1":"product","2":"type-product","3":"status-publish","4":"has-post-thumbnail","6":"product_cat-tutti-i-film","7":"pa_description_tag-dvd-am-abgrund-it","8":"pa_sprache-italiano-it-2","9":"pa_sprache-tedesco-it","10":"pa_title_tag-dvd-am-abgrund-4","12":"first","13":"instock","14":"taxable","15":"shipping-taxable","16":"purchasable","17":"product-type-variable","18":"has-default-attributes"},"_links":{"self":[{"href":"https:\/\/geosfilm.com\/it\/wp-json\/wp\/v2\/product\/1590","targetHints":{"allow":["GET"]}}],"collection":[{"href":"https:\/\/geosfilm.com\/it\/wp-json\/wp\/v2\/product"}],"about":[{"href":"https:\/\/geosfilm.com\/it\/wp-json\/wp\/v2\/types\/product"}],"wp:featuredmedia":[{"embeddable":true,"href":"https:\/\/geosfilm.com\/it\/wp-json\/wp\/v2\/media\/1592"}],"wp:attachment":[{"href":"https:\/\/geosfilm.com\/it\/wp-json\/wp\/v2\/media?parent=1590"}],"wp:term":[{"taxonomy":"product_brand","embeddable":true,"href":"https:\/\/geosfilm.com\/it\/wp-json\/wp\/v2\/product_brand?post=1590"},{"taxonomy":"product_cat","embeddable":true,"href":"https:\/\/geosfilm.com\/it\/wp-json\/wp\/v2\/product_cat?post=1590"},{"taxonomy":"product_tag","embeddable":true,"href":"https:\/\/geosfilm.com\/it\/wp-json\/wp\/v2\/product_tag?post=1590"}],"curies":[{"name":"wp","href":"https:\/\/api.w.org\/{rel}","templated":true}]}}

<p>Un Film di Hubert Schönegger</p>
<p> Il presente non conosce un futuro. La quotidianità è contemporaneamente presente e futuro. Hubert Schönegger ha seguito nel corso dell´anno le tracce di due contadini di montagna: dei fratelli Gottfried e Hans Wieser dell´omonimo maso Wieser nella valle San Silvestro, situato su in alto, dove l´aquila compie il suo volo e l´alito gracile del vento si trasforma in violenta bufera. Hans è diventato vecchio, ammalato e pieno di rughe. Ma ogni ruga ha la propria storia, che racconta di tempi passati, quando non si sapeva ancora cos´è la frenesia e la parola stress non era inserita nei dizionari ortografici. E Friedl, come viene chiamato Gottfried, è il più giovane dei due, ma anche il più robusto e sano. Infatti è lui che porta panni pesanti pieni di erba secca nel fienile, bada alle bestie nella stalla e fa da mangiare per cena.</p>
<p>Durata ca.29min.</p>

<p>Un Film di Hubert Schönegger Il presente non conosce un futuro. La quotidianità è contemporaneamente presente e futuro. Hubert Schönegger ha seguito nel corso dell´anno le tracce di due contadini di montagna: dei fratelli Gottfried e Hans Wieser dell´omonimo maso Wieser nella valle San Silvestro, situato su in alto, dove l´aquila compie il suo volo&hellip;&nbsp;<a href="https://geosfilm.com/it/produkt/sull-orlo-del-precipizio/" rel="bookmark">Leggi tutto &raquo;<span class="screen-reader-text">Sull´orlo del precipizio</span></a></p>
